- 55743. Calculate z(-14).
803
Let s(t) = t**3 - 249*t**2 + 8644*t - 2368796. Determine s(252).
4
Let o(z) = -131*z - 71. What is o(-4)?
453
Let x(m) = -524*m - 1944. Calculate x(-4).
152
Let x(k) = -3437*k + 51540. Determine x(15).
-15
Let r(d) = 3*d**3 - 84*d**2 + 102*d - 2938. What is r(28)?
-82
Let j(r) = -r**3 + 6*r**2 + 12623*r - 63142. What is j(5)?
-2
Let o(l) = -6134*l - 24385. Give o(-4).
151
Let v(c) = 6*c**3 - 1146*c**2 + 7*c - 269. Give v(191).
1068
Let c(a) = 1025*a - 12165. What is c(12)?
135
Let x(f) = 617*f - 16978. What is x(28)?
298
Let m(a) = -a**3 - 2*a**2 + 2703*a + 23755. Determine m(-9).
-5
Let c(m) = -20*m**2 + 2248*m + 13251. What is c(-6)?
-957
Let t(m) = -7*m**2 - 130*m - 111. Calculate t(-20).
-311
Let h(m) = m**2 + 26*m - 3788. Give h(-76).
12
Let u(v) = 56562*v - 282773. Give u(5).
37
Let b(w) = 4*w**2 - 463*w + 1043. Give b(114).
245
Let y(l) = 73*l + 23870. Give y(-327).
-1
Let v(k) = -23*k**2 + 6207*k - 30476. Give v(5).
-16
Let y(v) = 40339*v - 39774259. Calculate y(986).
-5
Let z(x) = 19*x**3 - 7*x**2 - 82*x - 126. What is z(-3)?
-456
Let o(g) = -28*g**2 + 2130*g + 4239. Give o(-2).
-133
Let s(q) = 596*q + 14470. What is s(-22)?
1358
Let s(j) = -3*j**2 - 314*j + 2552. Determine s(8).
-152
Let l(s) = -34*s**2 - 3724*s + 5551. Calculate l(-111).
1
Let u(i) = -i**2 + 2399*i - 40066. Calculate u(17).
428
Let d(q) = 639*q + 1293. Give d(-1).
654
Let d(w) = 330*w + 80701. Give d(-244).
181
Let y(w) = -673*w + 4231. Give y(2).
2885
Let d(t) = 2109*t + 17686. Give d(-8).
814
Let m(r) = r**3 + 91*r**2 - 79*r - 7197. Give m(-91).
-8
Let g(h) = h**2 - 1837*h + 10992. Calculate g(6).
6
Let n(p) = 173*p - 418. What is n(4)?
274
Let h(q) = -13*q**2 + 108*q - 1697. Give h(12).
-2273
Let o(s) = 3657*s + 325468. Give o(-89).
-5
Let f(l) = l**2 - 3384*l + 130481. What is f(39)?
26
Let p(q) = -q**3 - 79*q**2 + 886*q + 35716. Give p(-18).
4
Let h(w) = 7*w**2 + 763*w - 409. What is h(-111)?
1145
Let i(x) = -77*x**2 + 598*x - 3. Determine i(6).
813
Let k(t) = 231036*t - 5313826. Determine k(23).
2
Let n(w) = 125815*w - 251632. Give n(2).
-2
Let n(t) = -15*t**2 + 1276*t + 43178. Give n(111).
-1
Let o(k) = -249*k**2 + 208*k - 420. What is o(2)?
-1000
Let v(m) = -901*m - 2628. Give v(-4).
976
Let f(a) = 4697*a - 89328. Calculate f(19).
-85
Let h(m) = 2*m**3 + 1486*m**2 + 1521*m + 27439. Give h(-742).
-15
Let i(q) = 5667*q - 56484. Calculate i(10).
186
Let d(s) = 2*s**2 + 10353*s + 134780. Calculate d(-13).
529
Let z(h) = h**3 + 19*h**2 - 28*h + 283. What is z(-21)?
-11
Let q(d) = 4*d**2 - 297*d - 1630. Determine q(79).
-129
Let r(b) = 24*b**3 + 192*b**2 - 6*b + 77. Determine r(-8).
125
Let m(k) = -11*k**3 - 58*k**2 - 400*k - 1379. Calculate m(-4).
-3
Let t(a) = -2*a**3 + 31*a**2 - 407*a + 2286. Determine t(8).
-10
Let o(q) = -827*q - 130706. What is o(-158)?
-40
Let r(g) = 4*g**3 - 34668*g**2 - 34668*g. Calculate r(-1).
-4
Let u(d) = -5*d**3 - 22*d**2 + 167*d + 247. What is u(5)?
-93
Let n(h) = h**2 + 6739*h - 203251. Give n(30).
-181
Let x(v) = -v**3 - 25*v**2 + 3476*v + 84001. Calculate x(-24).
1
Let a(y) = -118*y**2 - 69972*y + 1114. Determine a(-593).
-72
Let t(h) = 4503*h - 26990. Determine t(6).
28
Let i(y) = -2467*y - 44421. Calculate i(-18).
-15
Let c(y) = 2*y**3 + 39*y**2 - 238*y + 56. Determine c(-24).
584
Let o(l) = -488*l + 10432. Give o(22).
-304
Let n(y) = -19*y**2 - 678*y + 1680. Calculate n(-38).
8
Let m(i) = 14*i**3 - 166*i**2 - 23*i - 30. Give m(12).
-18
Let k(s) = -6694*s - 26631. What is k(-4)?
145
Let x(j) = -20*j**2 - 464*j - 60. Give x(-23).
32
Let z(s) = 3*s**3 + 260*s**2 - 60*s + 2353. Give z(-87).
4
Let a(x) = 449*x + 57244. Determine a(-129).
-677
Let x(q) = 2*q**2 - 157*q + 1447. Give x(70).
257
Let p(s) = 300*s + 29942. Calculate p(-99).
242
Let i(k) = -k**2 + 4*k + 8010. Determine i(-90).
-450
Let g(l) = 7*l**2 - 2534*l + 7529. Give g(3).
-10
Let k(i) = i**3 - 221*i**2 - 2810*i - 162. Determine k(-12).
6
Let r(c) = 30*c - 231. Determine r(7).
-21
Let z(t) = -1551*t + 885. Give z(1).
-666
Let p(c) = -93*c - 2583. Give p(-42).
1323
Let d(f) = f**3 - 10*f**2 - 729*f + 5969. Determine d(8).
9
Let x(w) = -236*w**2 + 1186*w + 29. What is x(5)?
59
Let q(h) = -5507*h + 2417588. Give q(439).
15
Let r(z) = -7*z**3 + 5*z**2 + 21304*z + 6. What is r(0)?
6
Let f(r) = -2*r**2 - 169*r - 675. What is f(-4)?
-31
Let y(o) = o**2 + 35*o + 268. Give y(-30).
118
Let o(i) = -10*i**2 + 107*i + 399. Give o(-4).
-189
Let w(f) = 2*f**2 + 1464*f + 194089. Give w(-174).
-95
Let o(g) = 68438*g + 410829. What is o(-6)?
201
Let w(f) = -5*f**2 + 1000*f + 13627. What is w(-13)?
-218
Let r(g) = -2*g**3 + 222*g**2 - 235*g + 1573. What is r(110)?
-77
Let a(z) = -12904*z - 77443. What is a(-6)?
-19
Let f(u) = -2*u**3 - 303*u**2 - 141*u + 3023. What is f(-151)?
1513
Let g(j) = j**2 - 346*j + 24867. Determine g(104).
-301
Let w(v) = v**3 + 141*v**2 - 6794*v + 1365. What is w(-179)?
-67
Let q(t) = -t**2 + 51*t + 2418. Calculate q(-27).
312
Let w(z) = 3*z**2 + 396*z - 59936. Calculate w(-222).
4
Let c(m) = -22922*m + 916870. Calculate c(40).
-10
Let x(z) = -8*z**3 + 24*z**2 + 51*z + 389. Give x(-6).
2675
Let t(i) = 305*i - 25493. Determine t(56).
-8413
Let u(p) = 7935*p - 111235. What is u(14)?
-145
Let d(v) = 28523*v - 1112403. Determine d(39).
-6
Let a(p) = -p**3 - 268*p**2 - 1524*p + 12475. Determine a(-262).
-101
Let r(p) = 62*p**2 + 9637*p - 5487. Determine r(-156).
-27
Let p(w) = -3392*w + 85074. What is p(25)?
274
Let b(u) = -u**3 - 88*u**2 + 268*u - 274. What is b(-91)?
181
Let t(z) = 179*z - 9970. Give t(64).
1486
Let z(q) = -q**2 - 7353*q + 572118. What is z(77)?
8
Let q(b) = -b**3 + 159*b**2 - 2493*b - 6410. Determine q(141).
-65
Let m(l) = -l**3 + 100*l**2 - 419*l - 29193. What is m(92)?
-29
Let o(c) = -927*c + 35286. Calculate o(38).
60
Let h(i) = 20033*i - 460729. Determine h(23).
30
Let a(r) = -279*r**2 + 1146*r + 1248. What is a(5)?
3
Let w(n) = 6*n**3 - 5325*n**2 + 2655*n + 5258. What is w(887)?
-64
Let a(z) = 50*z**2 + 16*z - 292. Calculate a(2).
-60
Let j(b) = 1333*b - 82685. Give j(62).
-39
Let p(v) = -4*v**3 + 656*v**2 - 77*v + 12221. Calculate p(164).
-407
Let w(j) = 29*j**3 + 4*j**2 + 74*j - 77. What is w(1)?
30
Let b(v) = -8588*v**2 - 8291*v + 1. Give b(-1).
-296
Let n(k) = -k**2 + 46*k + 30109. Determine n(198).
13
Let w(q) = -7*q**2 + 143*q + 422. Determine w(10).
1152
Let l(k) = -142760*k + 428307. What is l(3)?
27
Let i(c) = c**2 + 2571*c + 138371. Determine i(-55).
-9
Let k(t) = -t**2 - 811*t - 162933. What is k(-367)?
15
Let w(b) = b**3 + 1181*b**2 - 2280*b + 101743. Determine w(-1183).
5
Let p(b) = -22*b**3 - 90*b**2 - 32. Give p(4).
-2880
Let y(s) = -38185*s - 572562. Give y(-15).
213
Let m(b) = 6*b**3 - 27*b**2 + 2*b - 10. Determine m(6).
326
Let w(k) = -7*k**3 + 1279*k**2 - 955*k + 8200. Determine w(182).
10
Let o(b) = -37861*b - 75729. Give o(-2).
-7
Let j(p) = -5*p**3 - 7*p**2 + 127*p + 192. Calculate j(-5).
7
Let h(t) = -8292*t - 15913. Determine h(-2).
671
Let x(q) = 3*q**2 + 277*q - 13291. Calculate x(35).
79
Let s(v) = v**2 - 57*v + 921. Determine s(32).
121
Let h(v) = -2*v**3 - 59*v**2 - 604*v - 10905. Determine h(-26).
67
Let c(m) = -1323*m - 145611. Give c(-110).
-81
Let f(i) = 4*i**2 - 620*i - 17185. Give f(-24).
-1
Let k(b) = -9*b**2 - 187*b + 23970. Calculate k(-63).
30
Let i(t) = t**3 - 5*t**2 - 302*t + 1726. What is i(6)?
-50
Let d(s) = -13*s**2 - 45*s + 175. What is d(6)?
-563
Let z(m) = 57*m**2 + 140*m - 431. Determine z(-12).
6097
Let j(x) = 40*x + 3949. Calculate j(-70).
1149
Let a(i) = -i**3 + 176*i**2 - 1664*i - 39. Calculate a(10).
-79
Let x(c) = -3*c**3 + 1657*c**2 + 57293*c + 21643. What is x(585)?
-2
Let g(a) = 37*a + 14725. What is g(-393)?
184
Let x(r) = 3*r**2 + 18948*r + 283974. Calculate x(-15).
429
Let y(c) = -c**3 + 418*c**2 + 8814*c - 23659. Give y(438).
-7
Let c(s) = -2977*s + 586648. Determine c(197).
179
Let y(p) = -p**3 + 116*p**2 - 232*p + 146. Determine y(114).
-310
Let r(c) = -4243*c + 534572. Determine r(126).
-46
Let v(c) = c**3 - 212*c**2 + 777*c + 11435. Calculate v(208).
-5
Let z(m) = m**3 - 51*m**2 - 1089*m - 269. Determine z(-16).
3
Let l(v) = 7275*v + 58120. Calculate l(-8).
-80
Let i(g) = 830*g - 31473. Give i(38).
67
Let a(p) = -3*p**3 + 519*p**2 + 1593*p -